at is -29869 (base 15) in base 9?
-223140
-54031651 (base 8) to base 11
-6577943
What is -19b5552 (base 12) in base 11?
-30a1475
What is -203302312023 (base 4) in base 6?
-533041123
454eb8 (base 15) to base 13
8ba591
Convert 4b3a2 (base 16) to base 13.
aa334
1386570 (base 10) to base 12
56a4b6
Convert 561513 (base 7) to base 6.
2042303
Convert -618515 (base 11) to base 9.
-1772052
What is -171594 (base 10) in base 8?
-517112
What is 110620037 (base 8) in base 3?
1022220022202000
Convert -4520104 (base 6) to base 15.
-478e1
Convert -52ed8 (base 15) to base 12.
-1083b8
Convert -16111 (base 16) to base 8.
-260421
What is -156671 (base 10) in base 7?
-1221524
-1369b8 (base 14) to base 6
-22220342
What is -20650236 (base 7) in base 6?
-101420230
d3ea6 (base 15) to base 10
671556
-1026406 (base 7) to base 13
-449c2
-155224 (base 7) to base 12
-15897
1603661 (base 7) to base 15
45222
-132322212 (base 4) to base 9
-212630
Convert bb4cb2 (base 14) to base 4.
120032303330
Convert 23117322 (base 8) to base 15.
692c49
Convert -1110111000000101 (base 2) to base 12.
-2b319
Convert -341849 (base 12) to base 13.
-231b40
What is -1321303023 (base 4) in base 14?
-cdb51
100220022110101 (base 3) to base 4
110010203113
Convert 2a6268 (base 15) to base 6.
111503142
8515037 (base 9) to base 14
868a0d
Convert -121210150 (base 6) to base 7.
-25401312
Convert 36619 (base 10) to base 11.
25570
What is 7523173 (base 9) in base 13?
ab18a8
What is 556264 (base 7) in base 13?
35941
What is 10110100111011101 (base 2) in base 6?
1552513
What is 50252442 (base 6) in base 12?
587122
Convert 2201020121 (base 3) to base 11.
37131
What is -1100334325 (base 6) in base 5?
-11004114032
Convert -2011424032 (base 5) to base 14.
-766cd5
Convert 43cab2 (base 16) to base 15.
5cb5bc
Convert -65d07c (base 14) to base 11.
-1a4a713
212014403 (base 5) to base 12
370151
6457a49 (base 11) to base 9
23330323
What is 3b592 (base 14) in base 12?
70978
What is 264978b (base 13) in base 9?
24544718
2d1aad (base 14) to base 8
6015611
-22311104 (base 5) to base 8
-602026
-22621 (base 13) to base 6
-1201341
What is 11056643 (base 10) in base 8?
52133003
What is -1010011000110111 (base 2) in base 4?
-22120313
Convert -3503102 (base 7) to base 5.
-103004222
Convert -7871217 (base 9) to base 16.
-40afd1
Convert -511154105 (base 6) to base 7.
-134200364
What is 4017200 (base 9) in base 6?
113452130
Convert 1525713 (base 8) to base 11.
279520
What is 32430122 (base 5) in base 16?
445e5
Convert -18638288 (base 9) to base 8.
-43723624
Convert 30212100310 (base 4) to base 5.
1321134302
Convert -6c3b9 (base 15) to base 10.
-345099
-173200 (base 9) to base 6
-2144513
Convert -141177 (base 9) to base 15.
-1a7ed
What is 25020467 (base 8) in base 13?
11b0756
Convert 97d58 (base 14) to base 5.
43230303
What is -133310133031 (base 4) in base 6?
-454441501
Convert b50780 (base 12) to base 9.
5311356
Convert 440365 (base 7) to base 10.
77026
Convert -102011112021002 (base 3) to base 11.
-3394047
Convert 3836806 (base 11) to base 4.
121120333212
What is 606433 (base 9) in base 16?
57a6e
-563071 (base 8) to base 4
-232120321
Convert 222031 (base 11) to base 12.
150aa8
-311111333121 (base 4) to base 16
-d55fd9
-1745106 (base 9) to base 11
-606396
What is -58501a (base 11) in base 2?
-11100010110100100011
What is -1a61e9 (base 16) in base 3?
-10020211202002
What is 302334211 (base 5) in base 12?
4a7103
What is 7698c (base 15) in base 16?
5bfce
-10213441 (base 5) to base 9
-140245
Convert 4446834 (base 11) to base 16.
76fcf3
Convert 30128 (base 13) to base 14.
2342a
What is 111012211001 (base 3) in base 10?
260119
What is 23626262 (base 7) in base 11?
120a752
Convert -1625612 (base 7) to base 4.
-313000133
Convert 136256535 (base 7) to base 2.
100010010010101001011000
-21056263 (base 9) to base 10
-10134777
What is 75055 (base 15) in base 14?
99478
What is -11021203 (base 4) in base 9?
-31834
What is 321412340 (base 5) in base 2?
101001011010110100100
What is -351557 (base 14) in base 3?
-10101220222002
Convert 105406 (base 12) to base 7.
2123226
What is dbd03 (base 16) in base 8?
3336403
What is -ab754 (base 15) in base 7?
-4430002
What is 211221020200 (base 3) in base 9?
757220
-100010010001111011 (base 2) to base 13
-4bbab
1001000110111111100100 (base 2) to base 3
11111022122020
Convert 159941 (base 16) to base 2.
101011001100101000001
-100221122 (base 4) to base 7
-402536
Convert 1321201 (base 6) to base 9.
120851
13b122 (base 13) to base 5
110400330
Convert -19b84 (base 13) to base 6.
-1024513
Convert 9a513b (base 12) to base 9.
4552502
Convert 294a45 (base 11) to base 14.
bdb38
-41111215 (base 6) to base 2
-100011111000011011011
What is -12154311 (base 6) in base 14?
-a180b
Convert 6a574 (base 11) to base 5.
11224332
What is bb935 (base 12) in base 15?
4d92b
Convert -220330230 (base 4) to base 2.
-101000111100101100
Convert 2053375 (base 8) to base 4.
2011123331
-4453544 (base 8) to base 16
-125764
-333112311 (base 4) to base 16
-3f5b5
Convert 143cb8 (base 15) to base 3.
1211112021102
-10110111100011000010 (base 2) to base 12
-3030aa
3222033111 (base 4) to base 13
277926
What is 1627127 (base 8) in base 3?
212220120012
What is -166290 (base 10) in base 14?
-4485c
-11331211233 (base 4) to base 7
-16166553
What is 7423088 (base 9) in base 16?
3c9a58
Convert -11201202230 (base 4) to base 2.
-101100001100010101100
10e0b32 (base 16) to base 15
1848ae1
Convert -230041224 (base 6) to base 8.
-20023760
What is 2243342422 (base 5) in base 13?
1081976
What is 1241421 (base 5) in base 9?
36675
What is 111010110111100 (base 2) in base 7?
153605
Convert -ea24 (base 16) to base 8.
-165044
What is 10ad7 (base 14) in base 2?
1001111001110101
What is -52254350 (base 6) in base 9?
-2760533
What is 2421403 (base 5) in base 15?
d603
Convert 20201123 (base 4) to base 9.
52785
-20200120201100 (base 3) to base 15
-4a324c
What is 455737 (base 10) in base 11?
291447
Convert -42e0e (base 15) to base 4.
-303312332
Convert -4a1832 (base 11) to base 5.
-200333243
What is 230868 (base 10) in base 6?
4540500
What is -8e8c5 (base 15) in base 11?
-290301
Convert 10220102222101 (base 3) to base 8.
7725466
Convert -733132 (base 8) to base 4.
-323121122
Convert 12626848 (base 9) to base 11.
3567a20
Convert 123431 (base 6) to base 12.
6577
301010331130 (base 4) to base 6
1135425524
What is 6a99337 (base 11) in base 4?
233033130123
What is -1216021 (base 7) in base 5?
-14440422
53226321 (base 7) to base 10
4511298
Convert -320403 (base 5) to base 9.
-15640
4513416 (base 7) to base 16
884be
Convert 32696a (base 12) to base 3.
1111122000001
What is -3a54943 (base 11) in base 13?
-15b34b3
What is 330324303 (base 5) in base 8?
5320355
Convert 305861 (base 9) to base 14.
4a1dd
What is -14025345 (base 7) in base 5?
-313111321
What is 13042c (base 13) in base 10?
457690
Convert a4254 (base 13) to base 10.
294805
-22001000011 (base 3) to base 16
-269f5
Convert 16bd9 (base 16) to base 14.
25d33
-1024153 (base 7) to base 10
-123910
-6d14ae (base 15) to base 3
-100211010212102
What is 4f2ba2 (base 16) in base 10?
5188514
-13133331001 (base 4) to base 2
-111011111111101000001
-1ac949 (base 13) to base 6
-22402333
-1114001 (base 7) to base 5
-13410410
1de94 (base 15) to base 8
276775
Convert -99566 (base 10) to base 12.
-49752
Convert 3981459 (base 11) to base 3.
110221200220110
What is -710475 (base 10) in base 6?
-23121123
What is -707577 (base 8) in base 6?
-5000143
What is 46124031 (base 7) in base 10?
4023069
Convert 2401553 (base 6) to base 5.
12443340
Convert 155121 (base 9) to base 2.
10111010101101111
What is b743 (base 16) in base 2?
1011011101000011
What is -101010000001110101000 (base 2) in base 3?
-2120222011010
What is 600103 (base 7) in base 3?
12010101211
Convert 402200 (base 7) to base 8.
204654
What is -10101000101000011100111 (base 2) in base 8?
-25050347
What is 864674 (base 9) in base 8?
1756233
Convert -121a6f (base 16) to base 15.
-1867e5
Convert 22202112012 (base 3) to base 14.
46ba3
What is 15517c0 (base 14) in base 3?
201121010201111
Convert -1011010101111100111 (base 2) to base 11.
-234288
-93324 (base 10) to base 16
-16c8c
Convert -559458a (base 11) to base 8.
-45306230
2345603 (base 8) to base 6
21431511
21abd (base 16) to base 10
1379